 546 = 3*t + 19, -2*w = -m*t + 857. List the prime factors of t.
173
Let f = 52 + -48. Suppose n = -f*b + 669, -4*n + 259 = 5*b - 569. What are the prime factors of b?
2, 3, 7
Let i(a) = -32*a - 4. Let y be i(-6). Let j = 237 + -134. Let s = y - j. What are the prime factors of s?
5, 17
Suppose 0 = k, 5*k = -a - 3 + 5. Let v(q) = 42*q**3 + 5*q**2 - 9*q + 5. List the prime factors of v(a).
7
Suppose -2*o + 4*d = 138 - 706, 5*o + 2*d = 1456. Let y = 180 + o. List the prime factors of y.
2, 5, 47
Suppose 0 = 19*c - 63*c + 3036. Suppose c*l = 82*l - 17992. What are the prime factors of l?
2, 173
Let t = -1230 - -10788. List the prime factors of t.
2, 3, 59
Suppose l - 203688 = -11*l - 11*l. List the prime factors of l.
2, 3, 41
Suppose 0 = 189*v - 33*v - 1760772. List the prime factors of v.
11287
Let m(b) = -4 + 28345*b**2 + b**3 - 3*b + 2*b - 7 - 28354*b**2 + 1. Let q(w) = -6*w - 2. Let t be q(-2). What are the prime factors of m(t)?
2, 5
Let l(c) = -c**3 + 30*c**2 - 28*c - 32. Let z be l(23). Let q = -1823 + z. List the prime factors of q.
2, 7, 43
Suppose -2200 = -2*a - 3*q, 0 = 2*a + q - 3*q - 2180. What are the prime factors of a?
2, 547
Let i = 51421 + -35258. List the prime factors of i.
7, 2309
Let l(r) = -5*r + 5. Let n(s) = -14*s + 15. Let z(o) = 8*l(o) - 3*n(o). Let d be z(10). What are the prime factors of (-39)/4*2*(-10)/d?
13
What are the prime factors of (15/75)/(8/153320)?
3833
Suppose 4*c - 188 = -4*h, 253 = -2*c + 7*c - 4*h. Let n be 119 + -2*2/(-4). Let y = n + c. What are the prime factors of y?
13
Let p(k) = 3*k**2 - 21. Let u(q) = -2*q**2 + 8*q - 13. Suppose 0 = 5*y - 41 + 26. Let l be u(y). What are the prime factors of p(l)?
2, 3, 7
Let d(j) = -j**2 + 10*j + 16. Let r(v) = -5*v + 4. Let o be r(-2). Let b be d(o). Let f = 45 + b. List the prime factors of f.
5
List the prime factors of (-3 + 1 - 7) + 4064 + -329.
2, 3, 23
Let d = -76 - -78. Suppose -724 = 5*r - 7*w + 6*w, -3*r = d*w + 424. What are the prime factors of -5 - (1 - r/(-1))?
2, 3, 23
Let n(q) = -q**2 + q - 1. Let r(s) = 2*s - 9. Let j(i) = 2*n(i) - r(i). Let c(a) = -3*a**2 + 8. Let g(m) = -3*c(m) + 4*j(m). List the prime factors of g(6).
2, 5
Let o be 1334/(-16) + 6/16. Let j = o + 65. What are the prime factors of (-15)/2*(-6 - 96/j)?
5
Let y be (4 - (6 + -3))/((-4)/60). Let r(m) = m + 20. Let q be r(y). Suppose -q*g = o - 7*g - 48, -4*g = -o + 56. List the prime factors of o.
2, 5
Let j(x) = 12*x + 24. Suppose -114 = -8*h + 30. Suppose -3*z - 3 = -h. List the prime factors of j(z).
2, 3, 7
Suppose 3*f - 3 - 6 = 5*b, 5*b + f + 17 = 0. Let w be (1 + -1)*b/6. Suppose -2*c + 3*c - 106 = w. What are the prime factors of c?
2, 53
Let z(v) = 232*v**2 + 6*v - 30 - 224*v**2 + 16*v. What are the prime factors of z(6)?
2, 3, 5, 13
Suppose -3*d + 705 = -0*d. Suppose 3*g - 20 = w, -5 = 2*g - 4*g - w. Suppose 85 + d = g*x. List the prime factors of x.
2
Let c(i) = 24*i**2 + 12*i + 217. Let k be c(-19). Suppose -6*h = 1699 - k. List the prime factors of h.
19, 61
Let m(w) = 15963*w**2 - 44*w - 48. List the prime factors of m(-1).
15959
Let d = -111 + 44. Let b = d - 40. Let j = b + 250. What are the prime factors of j?
11, 13
Suppose -4*l = -3*m + 18, 6*m = 3*m - 4*l - 6. List the prime factors of (-1 + -9)*(m - 1 - 43).
2, 3, 5, 7
List the prime factors of -201*(-1)/(-2)*(18 - (-4338)/(-27)).
2, 67, 107
Suppose z - 1624 = 485. Suppose j + 4*v - 223 = 186, 4*v = -5*j + z. What are the prime factors of j?
5, 17
Let t = -305 - -305. Suppose 3*i - p - 1425 = t, 5*i - 7*p = -3*p + 2382. What are the prime factors of i?
2, 3, 79
Let c = 22532 - 15175. What are the prime factors of c?
7, 1051
Suppose j + 4*d - 2 = -6, 0 = 5*j - d - 22. List the prime factors of 2/j + 7/(-2) + 410.
11, 37
Let n = -1690 + 986. What are the prime factors of 6 - (-2 - -5) - n?
7, 101
Let b = 37820 + -26443. List the prime factors of b.
31, 367
Let a be 6 - 1/((-3)/12*-2). Suppose 0 = -4*f + f, -f = a*u + 672. List the prime factors of 72/14*u/(-16).
2, 3
Suppose -238645 = -208*b + 153*b. List the prime factors of b.
4339
Let y(f) = 14*f**2 + 61*f - 16. Let w(b) = -b**2 - b. Let d(v) = 6*w(v) + y(v). List the prime factors of d(7).
761
What are the prime factors of ((-315760)/(-220))/(3/66)?
2, 3947
Suppose 49*q - 52*q - 5*l = -16639, -3*l = 4*q - 22167. List the prime factors of q.
2, 3, 13, 71
Let b = 35370 + -18308. List the prime factors of b.
2, 19, 449
Suppose -2*p = -m + 162, 4*p + 336 = 7*m - 8*m. Let i = p + 263. What are the prime factors of i?
2, 3, 5
Suppose -k = 4*r - 14186, 0 = 3*k - 14*r + 13*r - 42545. What are the prime factors of k?
2, 7, 1013
Suppose -43*x + 134790 = -13*x. What are the prime factors of x?
4493
Let z(b) = -8*b - 147. Let g be z(-24). Suppose 3*c + 10 = -0*i + 5*i, 4*c + 5*i = g. What are the prime factors of c?
5
Let q(h) = 58*h - 3. Let d(a) = 57*a - 5. Let u(i) = -4*d(i) + 3*q(i). List the prime factors of u(-1).
5, 13
List the prime factors of (-4)/((189/(-7))/389097).
2, 14411
What are the prime factors of ((-73278)/(-900) - (-8)/100)*134?
67, 163
What are the prime factors of (28/5)/(161898/(-53970) - -3)?
2, 7, 257
Let r = 222 + -220. List the prime factors of r + (52 - (3 - 4)).
5, 11
Let w be -2 + -1 + (-3 - 1). Let b = w + 197. What are the prime factors of b?
2, 5, 19
Suppose 20 = -96*l + 92*l, -2*j - 6*l + 36348 = 0. List the prime factors of j.
3, 43, 47
Let c(t) = 4*t**2 + 34*t - 4531. List the prime factors of c(52).
8053
Suppose 1478 + 60650 = 88*h. What are the prime factors of h?
2, 353
Let t(s) = 9*s**3 + s**2 + s - 2. Let p be t(1). Let m = p + -6. Suppose -3*k + 555 = m*f, -f - 375 = -3*f + 3*k. What are the prime factors of f?
2, 3, 31
Suppose -31*k = -15*k - 5*k - 35387. List the prime factors of k.
3217
Let b(q) = 26*q - 17. Let c be b(-5). Let s = 59 + c. List the prime factors of -2 - -3 - s - 3.
2, 43
Suppose 104*f + 12 = 92*f. What are the prime factors of (-1)/(2/8*f/118)?
2, 59
Let d(r) = -66*r**3 + r**2 + 7*r - 8. Let u(g) = 67*g**3 - 2*g**2 - 7*g + 9. Let a(o) = -5*d(o) - 4*u(o). What are the prime factors of a(2)?
2, 3, 83
Let n = -25 + 29. Let h(b) = b + 47. Let w be h(18). What are the prime factors of 8/2*(w/n - -5)?
5, 17
Let u be 0/(2 - (1 - 0)). Suppose 3*r + r - 2524 = u. What are the prime factors of r?
631
Let i be -82 + ((-6)/(-2) - 4)/(-1). Let b = i + 67. What are the prime factors of ((-28)/b)/(4/282 - 0)?
3, 47
Suppose 0 = 2*l - 0*l - 4. Let h = -1192 - -1197. Suppose 0 = -h*c - 3*g + 420, -l*c - g = -3*c + 76. What are the prime factors of c?
3
Suppose -s = 5*v - 21, s + 15 = 3*s + v. Let f be 4/s - (-8492)/(-66). Let x = f + 145. What are the prime factors of x?
17
Let s = 124 + -74. Suppose 0 = 69*w - 28 - 248. Suppose 3*a - 3*j + 30 = w*a, 5*j + s = 5*a. List the prime factors of a.
3, 5
Let r = -24 - 221. Let t = r - -335. What are the prime factors of t?
2, 3, 5
Let c = -13 - 34. Let p be (c/(-4))/((-15)/8 + 2). Let u = p + -39. What are the prime factors of u?
5, 11
Suppose -26875*q + 26865*q + 32220 = 0. List the prime factors of q.
2, 3, 179
Suppose 0 = 29*u - 28405 - 801894. List the prime factors of u.
28631
Suppose 204 = -7*t - 5*t. Let a = 0 - t. List the prime factors of a.
17
Let j(b) = b**3 + 23*b**2 + 17*b + 16. Let d(z) = z**3 + 12*z**2 + 9*z + 8. Let p(u) = 7*d(u) - 4*j(u). List the prime factors of p(5).
2, 71
Let k(z) = z**2 - 23 + 9*z - 10 + 11 + z - 14. Let c be (13 - 2) + 12/(-4). List the prime factors of k(c).
2, 3
Let l(m) = -104*m - 1171. What are the prime factors of l(-39)?
5, 577
Suppose -2*h = -v - 4260, -3*h + 7*v + 6380 = 8*v. Let t = -1393 + h. List the prime factors of t.
3, 5, 7
Let i = -97 - -102. Suppose 34*q - 33*q = -5*b + 7146, -5711 = -4*b + i*q. List the prime factors of b.
1429
Let o(g) = 2*g**3 + 6*g**2 + 2*g + 14. Let d be o(-4). Let h = d - -343. What are the prime factors of h?
317
Suppose 4*p - 1478 = -5*h, 329*p = 328*p + 5*h + 382. List the prime factors of p.
2, 3, 31
Suppose 0 = -3*t, 130*k - 2*t + 186336 = 134*k. What are the prime factors of k?
2, 3, 647
Let s(j) = -2*j**2 + 61*j + 393. What are the prime factors of s(23)?
2, 3, 41
Let v = -4332 + 9490. Let j = v + -3441. What are the prime factors of j?
17, 101
Let m(i) = -i. Let z(s) = s**2. Let f(a) = 2*m(a)